{"id":3764,"date":"2019-02-22T14:18:49","date_gmt":"2019-02-22T14:18:49","guid":{"rendered":"https:\/\/manutan-comunica.it\/?page_id=3"},"modified":"2019-02-22T14:18:49","modified_gmt":"2019-02-22T14:18:49","slug":"privacy-policy-2","status":"publish","type":"page","link":"https:\/\/www.manutan.it\/blog\/privacy-policy-2\/","title":{"rendered":"Privacy Policy"},"content":{"rendered":"\n<div class=\"wp-block-image\">\n<figure class=\"aligncenter\"><img loading=\"lazy\" decoding=\"async\" width=\"1024\" height=\"389\" class=\"wp-image-499\" src=\"\/wp-content\/uploads\/2019\/03\/security-1024x389.jpg\" alt=\"\" srcset=\"\/wp-content\/uploads\/2019\/03\/security-1024x389.jpg 1024w, \/wp-content\/uploads\/2019\/03\/security-300x114.jpg 300w, \/wp-content\/uploads\/2019\/03\/security-768x292.jpg 768w, \/wp-content\/uploads\/2019\/03\/security-1536x584.jpg 1536w, \/wp-content\/uploads\/2019\/03\/security.jpg 1800w\" sizes=\"auto, (max-width: 1024px) 100vw, 1024px\" \/><\/figure>\n<\/div>\n\n\n\n<h3 class=\"wp-block-heading\"><strong>Informativa sulla privacy &#8211; Protezione Dati Personali<\/strong><\/h3>\n\n\n\n<p>La presente informativa descrive le modalit\u00e0 con cui noi (\u201cManutan\u201d) trattiamo i Dati Personali (\u201cdati personali\u201d) che raccogliamo e che ci fornisci. Essa si applica all\u2019insieme dei tuoi dati personali raccolti nel quadro del nostro reciproco rapporto. Ti invitiamo a leggere attentamente il presente documento per conoscere e comprendere le nostre pratiche a tal riguardo.<\/p>\n\n\n\n<h4 class=\"wp-block-heading\"><strong>Chi siamo?<\/strong><\/h4>\n\n\n\n<p>Manutan \u00e8 uno dei principali operatori della distribuzione B2B multicanale in Europa; la societ\u00e0 madre, Manutan International, ha sede presso Avenue du 21e si\u00e8cle, ZAC Parc des Tulipes, 95500 Gonesse. Contiamo pi\u00f9 di 2.200 collaboratori in Europa, ripartiti in 25 filiali e 17 Paesi. Nel quadro delle nostre attivit\u00e0, ci troviamo a dover trattare dei dati personali che ti riguardano, in piena conformit\u00e0 alla normativa applicabile e, in particolare, al Regolamento europeo n. 2016\/679 del 27 aprile 2016 relativo alla protezione delle persone fisiche (\u201cRGPD\u201d).<\/p>\n\n\n\n<h4 class=\"wp-block-heading\"><strong>Quali sono i nostri impegni?<\/strong><\/h4>\n\n\n\n<p>Ci impegniamo a mettere in atto tutte le misure tecniche e organizzative necessarie per garantire il rispetto dei principi fondamentali in materia di raccolta e Trattamento di dati personali e, nello specifico, i principi di:<\/p>\n\n\n\n<p>&#8211; liceit\u00e0, correttezza, trasparenza: i dati personali sono trattati in modo lecito, corretto e trasparente;<\/p>\n\n\n\n<p>&#8211; limitazione delle finalit\u00e0: i dati personali sono trattati per finalit\u00e0 specifiche, esplicite e legittime, e non sono ulteriormente trattati in modo incompatibile con le finalit\u00e0 iniziali;<\/p>\n\n\n\n<p>&#8211; proporzionalit\u00e0 dei dati: i dati personali raccolti sono adeguati, pertinenti e limitati a quanto necessario per le finalit\u00e0 del Trattamento;<\/p>\n\n\n\n<p>&#8211; accuratezza dei dati: i dati personali sono accurati e aggiornati. Vengono adottate tutte le ragionevoli misure affinch\u00e9 eventuali dati inesatti od obsoleti siano cancellati o rettificati, secondo le finalit\u00e0 del Trattamento.<\/p>\n\n\n\n<h4 class=\"wp-block-heading\"><strong>In che modo raccogliamo i tuoi Dati Personali?<\/strong><\/h4>\n\n\n\n<p>Nel corso dei nostri rapporti, potrai essere tenuto a fornirci i tuoi dati personali in varie circostanze:<\/p>\n\n\n\n<p>&#8211; al momento della creazione del tuo account cliente;<\/p>\n\n\n\n<p>&#8211; in occasione dei tuoi acquisti online, in particolare quando compili i nostri buoni d\u2019ordine;<\/p>\n\n\n\n<p>&#8211; quando contatti il nostro servizio di assistenza post-vendita, presenti un reclamo o, pi\u00f9 in generale, quando interagisci con i nostri team di relazioni con la clientela;<\/p>\n\n\n\n<p>&#8211; al momento della sottoscrizione alla newsletter o in occasione della tua partecipazione a indagini di mercato o concorsi;<\/p>\n\n\n\n<p>&#8211; quando presenti una candidatura nella sezione \u201cLavora con noi\u201d;<\/p>\n\n\n\n<p>pi\u00f9 in generale, in occasione di qualsiasi altro contatto diretto con i nostri team.<\/p>\n\n\n\n<p>Potremmo inoltre raccogliere dati personali tramite Terzi ai quali hai previamente fornito il tuo Consenso ad essere contattato da parte nostra. In tal caso, saranno utilizzati esclusivamente i dati per i quali hai espressamente fornito un Consenso al loro utilizzo da parte di Terzi.<\/p>\n\n\n\n<p>Quando navighi sui siti web di Manutan, potremmo inoltre utilizzare dei cookie, piccoli file di testo che vengono registrati sul tuo dispositivo (computer, tablet o cellulare). Tali cookie ci consentono di raccogliere informazioni e dati personali per varie finalit\u00e0 (statistiche di accesso e di utilizzo del sito, adattamento del sito web ai tuoi parametri, cookie di terzi a fini pubblicitari, ecc.). Nel quadro della gestione dei cookie, ci impegniamo altres\u00ec ad adempiere alla normativa in materia di protezione dei dati. In tal senso, ove richiesto, il Consenso all\u2019utilizzo dei cookie sar\u00e0 ottenuto tramite un apposito banner di accettazione dei cookie che comparir\u00e0 in modo chiaro e visibile in occasione del tuo primo accesso al sito della societ\u00e0. Puoi modificare le impostazioni relative ai cookie in qualsiasi momento. Per saperne di pi\u00f9 sulla gestione dei cookie da parte di Manutan, puoi consultare la sezione \u201ccookie\u201d del sito web, disponibile al seguente link: <a href=\"https:\/\/www.manutan.it\/it\/mai\/privacy\">http:\/\/www.manutan.it\/it\/mai\/privacy<\/a><\/p>\n\n\n\n<h4 class=\"wp-block-heading\"><strong>A cosa ci servono i tuoi dati personali? (finalit\u00e0 del Trattamento)<\/strong><\/h4>\n\n\n\n<p>I tuoi dati personali sono principalmente utilizzati per organizzare al meglio il nostro rapporto commerciale e consentirci, in particolare, di fornirti un miglior servizio di qualit\u00e0. In tale contesto, i tuoi dati personali sono trattati per le seguenti finalit\u00e0 principali:<\/p>\n\n\n\n<p>Gestione del rapporto commerciale:<\/p>\n\n\n\n<p>&#8211; \u00a0Utilizzo e gestione del tuo account cliente;<\/p>\n\n\n\n<p>&#8211; Acquisto di prodotti tramite il nostro sito web;<\/p>\n\n\n\n<p>&#8211; Evasione degli ordini;<\/p>\n\n\n\n<p>&#8211; Gestione del servizio post-vendita e dei reclami;<\/p>\n\n\n\n<p>&#8211; Gestione delle richieste di diritto d\u2019accesso, di rettifica e di opposizione;<\/p>\n\n\n\n<p>&#8211; Realizzazione di studi statistici per conoscere l\u2019utilizzo e le performance del nostro sito web;<\/p>\n\n\n\n<p>&#8211; Realizzazione di indagini di mercato, nonch\u00e9 di sondaggi e test sui prodotti;<\/p>\n\n\n\n<p>&#8211; Elaborazione di un profilo personalizzato che ci consenta di conoscerti meglio, fidelizzarti e migliorare il nostro servizio (Profilazione);<\/p>\n\n\n\n<p>&#8211; Realizzazione di operazioni che consentano di promuoverci nei confronti di potenziali clienti (prospezione commerciale):<\/p>\n\n\n\n<p>&#8211; Realizzazione di operazioni di sollecitazione commerciale;<\/p>\n\n\n\n<p>&#8211; Elaborazione di statistiche commerciali;<\/p>\n\n\n\n<p>&#8211; Organizzazione di concorsi a premi e\/od operazioni di fidelizzazione;<\/p>\n\n\n\n<p>&#8211; Gestione delle opinioni delle persone su prodotti, servizi o contenuti;<\/p>\n\n\n\n<p>&#8211; Tutela dei nostri interessi:<\/p>\n\n\n\n<p>&#8211; Gestione delle frodi;<\/p>\n\n\n\n<p>&#8211; Gestione dei crediti insoluti;<\/p>\n\n\n\n<p>&#8211; Gestione dei contenziosi;<\/p>\n\n\n\n<p>&#8211; Monitoraggio delle operazioni di riscossione;<\/p>\n\n\n\n<p>&#8211; Gestione della nostra conformit\u00e0 ai vari obblighi di legge applicabili;<\/p>\n\n\n\n<p>&#8211; Gestione dei nostri fornitori e della logistica (forniture).<\/p>\n\n\n\n<h4 class=\"wp-block-heading\"><strong>Trattiamo la totalit\u00e0 dei dati personali che ci fornisci?<\/strong><\/h4>\n\n\n\n<p>Conformemente ai nostri impegni, raccogliamo esclusivamente i dati che riteniamo necessari per realizzare le nostre attivit\u00e0 (principio di minimizzazione dei dati). Alcuni dati sono tuttavia indispensabili per gestire le tue richieste e\/o i tuoi ordini, mentre altri ci consentono di conoscerti meglio e quindi di adattare le nostre offerte alle tue esigenze. I campi dei moduli di raccolta dati contrassegnati con un asterisco (*) sono obbligatori. In mancanza di tali dati, non saremo in grado di gestire la tua richiesta o il tuo ordine, ovvero di proporti offerte in linea con le tue esigenze.<\/p>\n\n\n\n<h4 class=\"wp-block-heading\"><strong>Qual \u00e8 la base giuridica per il Trattamento dei dati personali?<\/strong><\/h4>\n\n\n\n<p>Il Trattamento dei tuoi dati personali si fonda su varie basi giuridiche, determinate a seconda della finalit\u00e0 del Trattamento. In tale contesto, i tuoi dati ci servono per:<\/p>\n\n\n\n<p>&#8211; L\u2019esecuzione di un impegno contrattuale di cui sei parte contraente (ad es. gestione dei tuoi ordini, gestione delle tue forniture, ecc.);<\/p>\n\n\n\n<p>&#8211; Il perseguimento del nostro legittimo interesse in qualit\u00e0 di Titolare del Trattamento (nello specifico, sviluppare la conoscenza dei nostri clienti, adattare le nostre offerte alle tue esigenze e\/o svolgere attivit\u00e0 promozionali);<\/p>\n\n\n\n<p>&#8211; \u00a0L\u2019adempimento di un obbligo di legge qualora la normativa in vigore imponga il Trattamento dei dati in questione.<\/p>\n\n\n\n<h4 class=\"wp-block-heading\"><strong>Chi pu\u00f2 accedere ai tuoi dati personali?<\/strong><\/h4>\n\n\n\n<p>Solo le persone autorizzate dei nostri team possono accedere ai tuoi dati personali, in funzione delle rispettive esigenze professionali.<\/p>\n\n\n\n<p>I tuoi dati personali possono inoltre essere trasmessi ad altre entit\u00e0 del gruppo, nonch\u00e9 ai nostri partner (\u201cResponsabili del Trattamento\u201d) la cui prestazione \u00e8 necessaria per realizzare le nostre attivit\u00e0 di Titolare del Trattamento. A titolo esemplificativo, i tuoi dati personali possono essere trasmessi a fornitori di servizi di hosting e di manutenzione informatica, nonch\u00e9 servizi di fornitura, gestione delle frodi, ecc.<\/p>\n\n\n\n<p>In tale contesto, ci impegniamo a ricorrere esclusivamente a Responsabili del Trattamento che presentano sufficienti garanzie e che rispettano i nostri impegni in materia di protezione dei dati personali.<\/p>\n\n\n\n<h4 class=\"wp-block-heading\"><strong>I tuoi dati sono trasferiti all\u2019estero?<\/strong><\/h4>\n\n\n\n<p>In alcuni casi, i tuoi dati possono altres\u00ec essere trasferiti ai nostri partner autorizzati situati al di fuori dello Spazio Economico Europeo, nel rispetto della normativa applicabile.<\/p>\n\n\n\n<p>Pi\u00f9 in generale, se i tuoi dati vengono trasferiti a un Destinatario situato al di fuori dello Spazio Economico Europeo, Manutan si impegna a mettere in atto un adeguato meccanismo di protezione, caso per caso, al fine di garantire la protezione e la sicurezza dei tuoi Dati Personali secondo le norme pi\u00f9 rigorose ed in virt\u00f9 dei propri impegni in qualit\u00e0 di Titolare del Trattamento. Puoi richiedere e ricevere una copia delle suddette garanzie all\u2019indirizzo di seguito indicato nella sezione \u201cCome esercitare i tuoi diritti? \u201d.<\/p>\n\n\n\n<h4 class=\"wp-block-heading\"><strong>Per quanto tempo vengono conservati i tuoi dati personali?<\/strong><\/h4>\n\n\n\n<p>I dati personali sono conservati esclusivamente per il periodo necessario all&#8217;espletamento delle finalit\u00e0 descritte nella sezione \u201cA cosa ci servono i tuoi dati personali? \u201d. Inoltre, Manutan conserva i tuoi dati personali in conformit\u00e0 ai periodi di conservazione previsti dalla normativa applicabile in vigore e\/o dalle buone pratiche di settore.<\/p>\n\n\n\n<p>Tali periodi di conservazione sono definiti in base alla natura delle finalit\u00e0 del Trattamento e tengono conto, tra l\u2019altro, delle disposizioni di legge applicabili che prevedono un periodo di conservazione specifico per alcune categorie di dati, termini di prescrizione applicabili, nonch\u00e9 raccomandazioni delle Autorit\u00e0 di controllo locali relative a determinate categorie di Trattamento dei dati.<\/p>\n\n\n\n<p>A titolo esemplificativo, Manutan si impegna a conservare i tuoi dati personali, in quanto cliente, esclusivamente per il periodo strettamente necessario ai fini della gestione del rapporto commerciale, ossia per un termine di tre anni a decorrere dalla cessazione del rapporto commerciale (fatti salvi gli obblighi di legge a carico del Titolare del Trattamento che prevedono un periodo di conservazione maggiore), ad esempio, a decorrere da un acquisto, dalla data di scadenza di una garanzia, dalla scadenza di un contratto di prestazione di servizi o dall\u2019ultimo contatto da parte del cliente.<\/p>\n\n\n\n<p>I tuoi dati personali in quanto potenziale cliente sono anch\u2019essi conservati per un termine di tre anni a decorrere dal momento in cui vengono raccolti o dall\u2019ultima volta in cui ti sei messo in contatto con i nostri servizi (ad esempio, una richiesta di documentazione o un clic su un link ipertestuale contenuto in una e-mail).<\/p>\n\n\n\n<h4 class=\"wp-block-heading\"><strong>I tuoi dati sono protetti?<\/strong><\/h4>\n\n\n\n<p>Dedichiamo particolare attenzione alla riservatezza e alla sicurezza dei tuoi dati personali.<\/p>\n\n\n\n<p>In tal senso, adottiamo adeguate misure tecniche e organizzative volte a garantire un livello di sicurezza appropriato e conforme alle buone pratiche di settore. In tal modo soddisfiamo i requisiti normativi e proteggiamo i diritti e i dati degli interessati fin dalla progettazione delle operazioni di Trattamento.<\/p>\n\n\n\n<p>Manutan dispone di un programma globale di gestione della sicurezza dei propri sistemi informatici, basato sullo standard internazionale ISO\/IEC 27001:2013. Tale standard ha l\u2019obiettivo di preservare la riservatezza, l\u2019integrit\u00e0 e la disponibilit\u00e0 dei dati riservati e sensibili, ivi inclusi i tuoi Dati Personali.<\/p>\n\n\n\n<p>Inoltre, la nostra piattaforma di e-commerce, cos\u00ec come tutti gli altri siti web del gruppo, beneficia di misure di sicurezza rafforzate, quali l\u2019utilizzo di protocolli di cifratura sicuri, la protezione firewall, una costante supervisione e regolari audit esterni. Infine, la password associata al tuo account \u00e8 memorizzata cifrata nei nostri database, il che la rende inaccessibile ad altre persone.<\/p>\n\n\n\n<h4 class=\"wp-block-heading\"><strong>Quali sono i tuoi diritti in materia di dati personali?<\/strong><\/h4>\n\n\n\n<p>Ai sensi della normativa applicabile in materia di protezione dei dati, puoi in qualsiasi momento esercitare i tuoi diritti in qualit\u00e0 di interessato e richiedere l\u2019accesso, la rettifica, la cancellazione e la portabilit\u00e0 dei dati che ti riguardano, nonch\u00e9 esercitare i tuoi diritti di limitazione e di opposizione al Trattamento di tali dati.<\/p>\n\n\n\n<p>Nello specifico, disponi del diritto di opposizione al Trattamento dei tuoi dati a fini di prospezione commerciale. In base alle tue scelte al momento della creazione o della modifica del tuo account, potrai ricevere offerte da parte della nostra societ\u00e0, nonch\u00e9 da parte di altre societ\u00e0 del gruppo Manutan o di partner. Puoi modificare tali scelte in qualsiasi momento dopo esserti autenticato nel tuo account online.<\/p>\n\n\n\n<p>Inoltre, se non desideri pi\u00f9 ricevere la nostra newsletter, puoi fare clic sul link di disiscrizione che trovi in calce ad ogni comunicazione pubblicitaria in formato elettronico.<\/p>\n\n\n\n<h4 class=\"wp-block-heading\"><strong>Come esercitare i tuoi diritti?<\/strong><\/h4>\n\n\n\n<p>Puoi esercitare i tuoi diritti inviando una richiesta a: Manutan Italia SpA, Via Aldo Palazzi 20, 20092 Cinisello Balsamo (MI), oppure via e-mail all\u2019indirizzo privacy@manutan.it<\/p>\n\n\n\n<p>In tal caso, ti preghiamo di allegare alla tua richiesta gli elementi necessari ad identificarti (cognome, nome, email) e un documento d\u2019identit\u00e0, nonch\u00e9 qualsiasi informazione relativa alla tua richiesta.<\/p>\n\n\n\n<p>Hai inoltre il diritto di appello dinanzi all\u2019Autorit\u00e0 di Controllo locale in caso di violazione della normativa applicabile in materia di protezione dei dati personali e, nello specifico, dell\u2019RGPD.<\/p>\n\n\n\n<h4 class=\"wp-block-heading\"><strong>Chi contattare?<\/strong><\/h4>\n\n\n\n<p>Per qualsiasi domanda relativa alla presente informativa o alle modalit\u00e0 con cui Manutan tratta i tuoi dati personali, non esitare a contattarci al seguente indirizzo: privacy@manutan.it<\/p>\n\n\n\n<h4 class=\"wp-block-heading\"><strong>Modifiche e aggiornamenti<\/strong><\/h4>\n\n\n\n<p>La presente informativa sulla privacy pu\u00f2 essere modificata o aggiornata in considerazione delle varie interpretazioni, decisioni e opinioni relative all\u2019RGPD. Manutan si impegna a segnalare tramite il proprio sito web qualsiasi modifica apportata.<\/p>\n\n\n\n<h4 class=\"wp-block-heading\"><strong>Glossario<\/strong><\/h4>\n\n\n\n<p>&#8211; &#8220;Dati Personali&#8221;: qualsiasi informazione riguardante una persona fisica identificata o identificabile (\u201cinteressato\u201d); si considera identificabile la persona fisica che pu\u00f2 essere identificata, direttamente o indirettamente, con particolare riferimento a un identificativo come il nome, un numero di identificazione, dati relativi all&#8217;ubicazione, un identificativo online o a uno o pi\u00f9 elementi caratteristici della sua identit\u00e0 fisica, fisiologica, genetica, psichica, economica, culturale o sociale;<\/p>\n\n\n\n<p>&#8211; &#8220;Trattamento&#8221;: qualsiasi operazione o insieme di operazioni, compiute con o senza l&#8217;ausilio di processi automatizzati e applicate a dati personali o insiemi di Dati Personali, come la raccolta, la registrazione, l&#8217;organizzazione, la strutturazione, la conservazione, l&#8217;adattamento o la modifica, l&#8217;estrazione, la consultazione, l&#8217;uso, la comunicazione mediante trasmissione, diffusione o qualsiasi altra forma di messa a disposizione, il raffronto o l&#8217;interconnessione, la limitazione, la cancellazione o la distruzione;<\/p>\n\n\n\n<p>&#8211; &#8220;Profilazione&#8221;: qualsiasi forma di Trattamento automatizzato di Dati Personali consistente nell&#8217;utilizzo di tali Dati Personali per valutare determinati aspetti personali relativi a una persona fisica, in particolare per analizzare o prevedere aspetti riguardanti il rendimento professionale, la situazione economica, la salute, le preferenze personali, gli interessi, l&#8217;affidabilit\u00e0, il comportamento, l&#8217;ubicazione o gli spostamenti di detta persona fisica;<\/p>\n\n\n\n<p>&#8211; &#8220;Titolare del Trattamento&#8221;: la persona fisica o giuridica, l&#8217;autorit\u00e0 pubblica, il servizio o altro organismo che, singolarmente o insieme ad altri, determina le finalit\u00e0 e i mezzi del Trattamento di dati personali; quando le finalit\u00e0 e i mezzi di tale Trattamento sono determinati dal diritto dell&#8217;Unione o degli Stati membri, il Titolare del Trattamento o i criteri specifici applicabili alla sua designazione possono essere stabiliti dal diritto dell&#8217;Unione o degli Stati membri;<\/p>\n\n\n\n<p>&#8211; &#8220;Responsabile del trattamento&#8221;: la persona fisica o giuridica, l&#8217;autorit\u00e0 pubblica, il servizio o altro organismo che tratta Dati Personali per conto del Titolare del Trattamento;<\/p>\n\n\n\n<p>&#8211; &#8220;Destinatario&#8221;: la persona fisica o giuridica, l&#8217;autorit\u00e0 pubblica, il servizio o altro organismo che riceve comunicazione di Dati Personali, che si tratti o meno di Terzi. Tuttavia, le autorit\u00e0 pubbliche che possono ricevere comunicazione di Dati Personali nell&#8217;ambito di una specifica indagine conformemente al diritto dell&#8217;Unione o degli Stati membri non sono considerate Destinatari; il Trattamento di tali dati da parte di dette autorit\u00e0 pubbliche \u00e8 conforme alle norme applicabili in materia di protezione dei dati secondo le finalit\u00e0 del Trattamento;<\/p>\n\n\n\n<p>&#8211; &#8220;Terzo&#8221;: una persona fisica o giuridica, un&#8217;autorit\u00e0 pubblica, un servizio o altro organismo che non sia l&#8217;interessato, il Titolare del Trattamento, il Responsabile del Trattamento e le persone autorizzate al trattamento dei Dati Personali sotto l&#8217;autorit\u00e0 diretta del Titolare del Trattamento o del Responsabile del Trattamento;<\/p>\n\n\n\n<p>&#8211; &#8220;Consenso dell&#8217;interessato&#8221;: qualsiasi manifestazione di volont\u00e0 libera, specifica, informata e inequivocabile dell&#8217;interessato, con la quale lo stesso manifesta il proprio assenso, mediante dichiarazione o azione positiva inequivocabile, che i Dati Personali che lo riguardano siano oggetto di Trattamento;<\/p>\n\n\n\n<p>&#8211; &#8220;Autorit\u00e0 di Controllo&#8221;: l&#8217;autorit\u00e0 pubblica indipendente istituita da uno Stato membro.<\/p>\n","protected":false},"excerpt":{"rendered":"<p>Informativa sulla privacy &#8211; Protezione Dati Personali La presente informativa descrive le modalit\u00e0 con cui noi (\u201cManutan\u201d) trattiamo i Dati Personali (\u201cdati personali\u201d) che raccogliamo e che ci fornisci. Essa si applica all\u2019insieme dei tuoi dati personali raccolti nel quadro del nostro reciproco rapporto. Ti invitiamo a leggere attentamente il presente documento per conoscere e comprendere le nostre pratiche a&#46;&#46;&#46;<\/p>\n","protected":false},"author":1,"featured_media":499,"parent":0,"menu_order":0,"comment_status":"closed","ping_status":"open","template":"","meta":{"footnotes":""},"class_list":["post-3764","page","type-page","status-publish","has-post-thumbnail","hentry"],"aioseo_notices":[],"_links":{"self":[{"href":"https:\/\/www.manutan.it\/blog\/wp-json\/wp\/v2\/pages\/3764","targetHints":{"allow":["GET"]}}],"collection":[{"href":"https:\/\/www.manutan.it\/blog\/wp-json\/wp\/v2\/pages"}],"about":[{"href":"https:\/\/www.manutan.it\/blog\/wp-json\/wp\/v2\/types\/page"}],"author":[{"embeddable":true,"href":"https:\/\/www.manutan.it\/blog\/wp-json\/wp\/v2\/users\/1"}],"replies":[{"embeddable":true,"href":"https:\/\/www.manutan.it\/blog\/wp-json\/wp\/v2\/comments?post=3764"}],"version-history":[{"count":0,"href":"https:\/\/www.manutan.it\/blog\/wp-json\/wp\/v2\/pages\/3764\/revisions"}],"wp:featuredmedia":[{"embeddable":true,"href":"https:\/\/www.manutan.it\/blog\/wp-json\/wp\/v2\/media\/499"}],"wp:attachment":[{"href":"https:\/\/www.manutan.it\/blog\/wp-json\/wp\/v2\/media?parent=3764"}],"curies":[{"name":"wp","href":"https:\/\/api.w.org\/{rel}","templated":true}]}}