{"id":416,"date":"2019-03-05T16:26:26","date_gmt":"2019-03-05T16:26:26","guid":{"rendered":"https:\/\/manutan-comunica.it\/?page_id=416"},"modified":"2019-03-05T16:26:26","modified_gmt":"2019-03-05T16:26:26","slug":"cookie-policy","status":"publish","type":"page","link":"https:\/\/www.manutan.it\/blog\/cookie-policy\/","title":{"rendered":"Cookie policy"},"content":{"rendered":"\n<figure class=\"wp-block-image\"><img loading=\"lazy\" decoding=\"async\" width=\"1024\" height=\"389\" src=\"\/wp-content\/uploads\/2019\/03\/security-1024x389.jpg\" alt=\"\" class=\"wp-image-499\" srcset=\"\/wp-content\/uploads\/2019\/03\/security-1024x389.jpg 1024w, \/wp-content\/uploads\/2019\/03\/security-300x114.jpg 300w, \/wp-content\/uploads\/2019\/03\/security-768x292.jpg 768w, \/wp-content\/uploads\/2019\/03\/security-1536x584.jpg 1536w, \/wp-content\/uploads\/2019\/03\/security.jpg 1800w\" sizes=\"auto, (max-width: 1024px) 100vw, 1024px\" \/><\/figure>\n\n\n\n<h4 class=\"wp-block-heading\"><strong>Cookies<\/strong><\/h4>\n\n\n\n<p>Questa sezione dedicata ai COOKIES descrive il modo in cui essi vengono utilizzati in questo sito internet e come possono essere abilitati o disabilitati.<\/p>\n\n\n\n<h4 class=\"wp-block-heading\"><strong>Cos\u2019\u00e8 un cookie?<\/strong><\/h4>\n\n\n\n<p>Un cookie \u00e8 una porzione di dati che viene memorizzata su un computer, tablet o telefono cellulare quando navigate in internet in modo tale che il computer, tablet o telefono (&#8220;dispositivo&#8221;) possa essere riconosciuto in un momento successivo. I cookies posizionati da noi, dai nostri partner commerciali o da altri terzi quando visiti il nostro sito web non ti riconoscono direttamente come persona fisica; riconoscono solamente il dispositivo che stai utilizzando. I cookies non danneggiano in alcun modo il tuo dispositivo ma abilitano molteplici importanti caratteristiche del sito internet, per esempio, ti permettono di fare prenotazioni e di tornare alle pagine che hai cercato. Servono anche a mantenere protetto il sito internet, a ricordare le tue preferenze e personalizzare il contenuto del sito internet in modo che sia pi\u00f9 adatto a te. Avere o meno cookies sul tuo dispositivo \u00e8 facoltativo e puoi facilmente controllarne la collocazione.<br><\/p>\n\n\n\n<h4 class=\"wp-block-heading\"><strong>Perch\u00e9 abbiamo una policy sui cookies?<\/strong><\/h4>\n\n\n\n<p>Abbiamo realizzato una Policy sui Cookies come parte della nostra iniziativa per conformarci alla recente normativa ma anche per assicurarti trasparenza e chiarezza su quanto accade quando visiti il nostro sito internet. <br><\/p>\n\n\n\n<h4 class=\"wp-block-heading\">La nostra policy sui cookies<br><\/h4>\n\n\n\n<p>Per sfruttare al massimo il nostro sito internet nonch\u00e9 il tuo computer, tablet o telefono cellulare (&#8220;dispositivo&#8221;) mentre navighi in internet, dovresti accettare i cookies poich\u00e9 molte funzionalit\u00e0 online sono state sviluppate appositamente per operare solo attraverso l&#8217;uso dei cookies. \u00c8 importante rilevare che i cookies posizionati attraverso il presente sito internet non memorizzano nessun dato personale o sensibile (quali il tuo nome, indirizzo o dettagli relativi ai pagamenti). <br><\/p>\n\n\n\n<p>Al fine di renderti pi\u00f9 chiare le informazioni sui cookies, abbiamo suddiviso i cookies in 4 categorie: <br><\/p>\n\n\n\n<h4 class=\"wp-block-heading\">I cookies indispensabili: <\/h4>\n\n\n\n<p>Questi cookies sono indispensabili poich\u00e9 ti consentono di muoverti all&#8217;interno del sito internet e di utilizzare le sue funzioni. Senza questi cookies l&#8217;uso del carrello d&#8217;acquisto e l&#8217;accesso ai tuoi ordini non potrebbero essere possibili. <br><\/p>\n\n\n\n<h4 class=\"wp-block-heading\">I Performance cookies: <\/h4>\n\n\n\n<p>Questi cookies raccolgono informazioni su come usi il sito internet (per esempio quali pagine visiti pi\u00f9 spesso e se ricevi messaggi di errore dalle pagine del sito). Le informazioni accumulate da questi cookies sono utilizzate unicamente per migliorare il funzionamento del sito internet. <br><\/p>\n\n\n\n<h4 class=\"wp-block-heading\">I cookies di funzionalit\u00e0: <\/h4>\n\n\n\n<p>Questi cookies memorizzano le scelte che hai fatto sul sito internet(come le diverse ricerche che hai fatto) e forniscono funzioni migliorate e pi\u00f9 personalizzate. Possono altres\u00ec essere utilizzati per fornire servizi che hai richiesto (come vedere un video). Questi cookies non possono dirci come vi muovete all&#8217;\u0092interno di altri siti internet, ma solo in www.manutan-comuinica.it. <br><\/p>\n\n\n\n<h4 class=\"wp-block-heading\">Cookies pubblicitari:<\/h4>\n\n\n\n<p>Questi cookies sono utilizzati per fornire annunci pubblicitari che siano pi\u00f9 adatti a te e ai tuoi interessi. Sono altres\u00ec utilizzati per ridurre il numero delle volte in cui vedi un messaggio pubblicitario ed aiutano a calcolare l&#8217;efficacia di una campagna pubblicitaria. <br><\/p>\n\n\n\n<p>Se condividi il tuo computer con un&#8217;altra persona non possiamo assicurarti che la pubblicit\u00e0 o le modalit\u00e0 di utilizzo memorizzate facciano riferimento unicamente a <br><\/p>\n\n\n\n<h4 class=\"wp-block-heading\"><strong>Gestione dei cookies<\/strong><\/h4>\n\n\n\n<h4 class=\"wp-block-heading\"> Cosa succede se non accetto i cookies? <\/h4>\n\n\n\n<p>Se non vengono abilitati i cookies sul tuo computer, tablet o telefono cellulare (&#8220;dispositivo&#8221;), la tua esperienza sul sito internet potrebbe essere limitata (per esempio, potresti non essere abilitato a navigare pienamente e liberamente o ad aggiungere prodotti al tuo carrello per acquistarli). <br><\/p>\n\n\n\n<h4 class=\"wp-block-heading\">Come abilitare\/ disabilitare i cookies<\/h4>\n\n\n\n<p>Puoi disattivare\/attivare i cookies dal tuo dispositivo attraverso il browser internet. Ti elenchiamo di seguito i principali browser: <br><\/p>\n\n\n\n<h4 class=\"wp-block-heading\">Google Chrome <\/h4>\n\n\n\n<p>Nel menu impostazioni, selezionare &#8220;Avanzate&#8221; in fondo alla pagina; selezionare la voce &#8220;Impostazioni contenuti&#8221; nella sezione privacy. La sezione in alto alla pagina che appare successivamente vi spiega i cookies e vi permette di selezionare i cookies che volete. Vi consente anche di cancellare ogni cookie attualmente archiviato. <br><\/p>\n\n\n\n<h4 class=\"wp-block-heading\">Mozilla Firefox <\/h4>\n\n\n\n<p>Nel men\u00f9 degli strumenti, selezionare &#8220;opzioni&#8221;. Selezionare la voce &#8220;privacy&#8221; nella cartella &#8220;opzioni&#8221;. Dal men\u00f9 a tendina scegliere &#8220;impostazioni cronologia&#8221;: questo vi mostrer\u00e0 le opzioni per i cookies e potrete scegliere di abilitarli o disabilitarli cliccando sulla casella. <br><\/p>\n\n\n\n<h4 class=\"wp-block-heading\">Internet Explorer 6+ <\/h4>\n\n\n\n<p>Nella barra dei men\u00f9, selezionare &#8220;opzioni internet&#8221;, cliccare poi sul tasto &#8220;privacy&#8221;. Vedrete un cursore delle impostazioni privacy che possiede sei impostazioni che vi consentono di controllare il numero dei cookies che saranno posizionati: Blocca tutti i Cookies, Alta, Media alta, Media (livello predefinito), Bassa, e Accetta tutti i Cookies. <br><\/p>\n\n\n\n<h4 class=\"wp-block-heading\">Safari browser <\/h4>\n\n\n\n<p>Nel menu impostazioni , selezionare opzione &#8220;preferenze&#8221;. Aprire la sezione privacy. Selezionare l&#8217;\u0092opzione desiderata dalla sezione &#8220;blocco cookies&#8221; <br><\/p>\n\n\n\n<h4 class=\"wp-block-heading\">Tutti gli altri browsers <\/h4>\n\n\n\n<p>Per le informazioni su come gestire i cookies attraverso altri browser, consultate la vostra documentazione o i file online di aiuto. <br><\/p>\n\n\n\n<h4 class=\"wp-block-heading\">Come disabilitare\/abilitare i cookies di terzi? <\/h4>\n\n\n\n<p>I cookies di terzi non sono posizionati da noi. Vi suggeriremmo quindi di visitare il sito internet di questi terzi per le informazioni relative ai cookies che posizionano ed al modo in cui gestirli.<br><\/p>\n\n\n\n<h4 class=\"wp-block-heading\"><strong>Chat<\/strong><\/h4>\n\n\n\n<p>Il nostro servizio di chat prevede che le conversazioni rimangano registrate nel nostro server.<br><\/p>\n\n\n\n<h4 class=\"wp-block-heading\"><strong>SSL<\/strong><\/h4>\n\n\n\n<h4 class=\"wp-block-heading\"><strong>La protezione dei dati e dei pagamenti<\/strong><\/h4>\n\n\n\n<p>Manutan Italia Spa, da sempre attenta ai problemi della Privacy e della sicurezza dei dati dei propri clienti, si avvale del pi\u00f9 conosciuto ed affermato protocollo per le transazioni sicure su Web: il Secure Socket Layer (SSL), supportato dai browser di maggiore diffusione. Grazie a questa tecnologia, che utilizza un complesso sistema di crittografia, le informazioni riservate viaggiano su Internet solo in forma criptata, ovvero codificate secondo un complesso algoritmo matematico che ne garantisce l&#8217;illeggibilit\u00e0 da parte di chiunque voglia intromettersi durante la comunicazione tra Voi e Manutan. L&#8217;invio e la ricezione dei dati in connessione ad un Server Sicuro SSL viene segnalata dai browser con specifici messaggi di avvertimento e con l&#8217;indirizzo della pagina caratterizzato dal prefisso &#8220;https&#8221;. Inoltre, i browser pi\u00f9 diffusi mostrano un lucchetto chiuso nella parte antecedente all&#8217;url della pagina.<br><\/p>\n\n\n\n<h4 class=\"wp-block-heading\"><strong>Finalit\u00e0 dei dati raccolti<\/strong><\/h4>\n\n\n\n<p>Siamo portati a chiedervi un certo numero di dati per organizzare al meglio le nostre relazioni commerciali ed il servizio che vi aspettate. Alcuni dati sono indispensabili per il trattamento della vostra richiesta o del vostro ordine, altri ci consentono di conoscervi meglio e quindi di adattare le nostre offerte alle vostre esigenze. <br><\/p>\n\n\n\n<h4 class=\"wp-block-heading\">La consultazione del nostro sito non comporta alcuna raccolta di dati.<br><\/h4>\n","protected":false},"excerpt":{"rendered":"<p>Cookies Questa sezione dedicata ai COOKIES descrive il modo in cui essi vengono utilizzati in questo sito internet e come possono essere abilitati o disabilitati. Cos\u2019\u00e8 un cookie? Un cookie \u00e8 una porzione di dati che viene memorizzata su un computer, tablet o telefono cellulare quando navigate in internet in modo tale che il computer, tablet o telefono (&#8220;dispositivo&#8221;) possa&#46;&#46;&#46;<\/p>\n","protected":false},"author":1,"featured_media":499,"parent":0,"menu_order":0,"comment_status":"closed","ping_status":"closed","template":"","meta":{"footnotes":""},"class_list":["post-416","page","type-page","status-publish","has-post-thumbnail","hentry"],"aioseo_notices":[],"_links":{"self":[{"href":"https:\/\/www.manutan.it\/blog\/wp-json\/wp\/v2\/pages\/416","targetHints":{"allow":["GET"]}}],"collection":[{"href":"https:\/\/www.manutan.it\/blog\/wp-json\/wp\/v2\/pages"}],"about":[{"href":"https:\/\/www.manutan.it\/blog\/wp-json\/wp\/v2\/types\/page"}],"author":[{"embeddable":true,"href":"https:\/\/www.manutan.it\/blog\/wp-json\/wp\/v2\/users\/1"}],"replies":[{"embeddable":true,"href":"https:\/\/www.manutan.it\/blog\/wp-json\/wp\/v2\/comments?post=416"}],"version-history":[{"count":0,"href":"https:\/\/www.manutan.it\/blog\/wp-json\/wp\/v2\/pages\/416\/revisions"}],"wp:featuredmedia":[{"embeddable":true,"href":"https:\/\/www.manutan.it\/blog\/wp-json\/wp\/v2\/media\/499"}],"wp:attachment":[{"href":"https:\/\/www.manutan.it\/blog\/wp-json\/wp\/v2\/media?parent=416"}],"curies":[{"name":"wp","href":"https:\/\/api.w.org\/{rel}","templated":true}]}}